{"id":2067,"date":"2026-04-30T13:50:49","date_gmt":"2026-04-30T13:50:49","guid":{"rendered":"https:\/\/www.expliquesonge.fr\/?page_id=2067"},"modified":"2026-04-30T13:50:49","modified_gmt":"2026-04-30T13:50:49","slug":"creation-lumiere-et-regie","status":"publish","type":"page","link":"https:\/\/www.expliquesonge.fr\/?page_id=2067","title":{"rendered":"Cr\u00e9ation lumi\u00e8re et r\u00e9gie"},"content":{"rendered":"\n<p><br><strong>Denis Desanglois <\/strong>pour la cr\u00e9ation lumi\u00e8re\u00a0de DE LA NUIT A L&rsquo;AUBE<\/p>\n\n\n\n<p><strong>Julien Lot<\/strong> et <strong>Mathieu Maisonneuve<\/strong> pour la r\u00e9gie de DE LA NUIT A L&rsquo;AUBE<\/p>\n\n\n\n<p><strong>Matthieu Bernard <\/strong>pour la cr\u00e9ation lumi\u00e8re et la r\u00e9gie de AU COEUR DES CENDRES<\/p>\n\n\n\n<p><strong>Yvan Labasse <\/strong>pour les conseils en cr\u00e9ation lumi\u00e8re de LA TRAVERSEE DU AZHAR<\/p>\n\n\n\n<p><strong>Val\u00e9rie Castel Jordy<\/strong> pour la cr\u00e9ation lumi\u00e8re de AINSI VONT LES CERISES<\/p>\n\n\n\n<p><strong>Franck Ziemba<\/strong> pour la r\u00e9gie de AINSI VONT LES CERISES<\/p>\n\n\n\n<p><strong>Christine Mame<\/strong> pour la r\u00e9gie du CHANT DU DIRE-DIRE et la cr\u00e9ation lumi\u00e8re de L&rsquo;ECHANGE<\/p>\n\n\n\n<p><strong>Franz Banlier<\/strong> pour la r\u00e9gie de L&rsquo;ECHANGE<\/p>\n\n\n\n<p><strong>Maria Barroso<\/strong> pour la r\u00e9gie de PACAMAMBO<\/p>\n\n\n\n<p><strong>Charles Lambert<\/strong> pour la cr\u00e9ation lumi\u00e8re et la r\u00e9gie de PLING<\/p>\n\n\n\n<p><strong>Sylvain Bresson<\/strong> pour la cr\u00e9ation lumi\u00e8re du CHANT DU DIRE-DIRE<\/p>\n","protected":false},"excerpt":{"rendered":"<p>Denis Desanglois pour la cr\u00e9ation lumi\u00e8re\u00a0de DE LA NUIT A L&rsquo;AUBE Julien Lot et Mathieu Maisonneuve pour la r\u00e9gie de DE LA NUIT A L&rsquo;AUBE Matthieu Bernard pour la cr\u00e9ation lumi\u00e8re et la r\u00e9gie de AU COEUR DES CENDRES Yvan &hellip; <a href=\"https:\/\/www.expliquesonge.fr\/?page_id=2067\">Continuer la lecture <span class=\"meta-nav\">&rarr;<\/span><\/a><\/p>\n","protected":false},"author":4,"featured_media":0,"parent":0,"menu_order":0,"comment_status":"closed","ping_status":"closed","template":"","meta":{"ngg_post_thumbnail":0,"footnotes":""},"class_list":["post-2067","page","type-page","status-publish","hentry"],"_links":{"self":[{"href":"https:\/\/www.expliquesonge.fr\/index.php?rest_route=\/wp\/v2\/pages\/2067","targetHints":{"allow":["GET"]}}],"collection":[{"href":"https:\/\/www.expliquesonge.fr\/index.php?rest_route=\/wp\/v2\/pages"}],"about":[{"href":"https:\/\/www.expliquesonge.fr\/index.php?rest_route=\/wp\/v2\/types\/page"}],"author":[{"embeddable":true,"href":"https:\/\/www.expliquesonge.fr\/index.php?rest_route=\/wp\/v2\/users\/4"}],"replies":[{"embeddable":true,"href":"https:\/\/www.expliquesonge.fr\/index.php?rest_route=%2Fwp%2Fv2%2Fcomments&post=2067"}],"version-history":[{"count":1,"href":"https:\/\/www.expliquesonge.fr\/index.php?rest_route=\/wp\/v2\/pages\/2067\/revisions"}],"predecessor-version":[{"id":2068,"href":"https:\/\/www.expliquesonge.fr\/index.php?rest_route=\/wp\/v2\/pages\/2067\/revisions\/2068"}],"wp:attachment":[{"href":"https:\/\/www.expliquesonge.fr\/index.php?rest_route=%2Fwp%2Fv2%2Fmedia&parent=2067"}],"curies":[{"name":"wp","href":"https:\/\/api.w.org\/{rel}","templated":true}]}}