{"id":1995,"date":"2026-04-29T16:30:53","date_gmt":"2026-04-29T16:30:53","guid":{"rendered":"https:\/\/www.expliquesonge.fr\/?page_id=1995"},"modified":"2026-04-29T16:30:53","modified_gmt":"2026-04-29T16:30:53","slug":"saison-2024-2025","status":"publish","type":"page","link":"https:\/\/www.expliquesonge.fr\/?page_id=1995","title":{"rendered":"Saison 2024-2025"},"content":{"rendered":"\n<p><strong>DE LA NUIT A L&rsquo;AUBE<br>Texte : Val\u00e9rie Castel Jordy<\/strong><br><br>Pr\u00e9sentation de la pi\u00e8ce avec une lecture d&rsquo;extraits :<br><br>Jeudi 21 novembre \u00e0 15h et vendredi 22 novembre \u00e0 11h \u00e0 la<strong> maison des auteurs SACD<\/strong><\/p>\n\n\n\n<p>Jeudi 28 novembre \u00e0 11h \u00e0 <strong>Anis Gras, le lieu de l&rsquo;Autre \u00e0 Arcueil<\/strong><\/p>\n\n\n\n<p>Dans le cadre de Sc\u00e8nes sur Seine, Rencontres artistiques professionnelles d&rsquo;\u00cele-de-France<\/p>\n\n\n\n<p>Jeudi 16 janvier \u00e0 15h30 et jeudi 30 janvier \u00e0 15h30 \u00e0 <strong>la maison des auteurs SACD<\/strong><\/p>\n\n\n\n<p><\/p>\n\n\n\n<p><strong>AU COEUR DES CENDRES<br>Texte : Etty Hillesum et Val\u00e9rie Castel Jordy<\/strong><br><br>15 novembre \u00e0 20h30 au <strong>S\u00e9maphore, Th\u00e9\u00e2tre d&rsquo;Irigny<\/strong><\/p>\n","protected":false},"excerpt":{"rendered":"<p>DE LA NUIT A L&rsquo;AUBETexte : Val\u00e9rie Castel Jordy Pr\u00e9sentation de la pi\u00e8ce avec une lecture d&rsquo;extraits : Jeudi 21 novembre \u00e0 15h et vendredi 22 novembre \u00e0 11h \u00e0 la maison des auteurs SACD Jeudi 28 novembre \u00e0 11h &hellip; <a href=\"https:\/\/www.expliquesonge.fr\/?page_id=1995\">Continuer la lecture <span class=\"meta-nav\">&rarr;<\/span><\/a><\/p>\n","protected":false},"author":4,"featured_media":0,"parent":0,"menu_order":0,"comment_status":"closed","ping_status":"closed","template":"","meta":{"ngg_post_thumbnail":0,"footnotes":""},"class_list":["post-1995","page","type-page","status-publish","hentry"],"_links":{"self":[{"href":"https:\/\/www.expliquesonge.fr\/index.php?rest_route=\/wp\/v2\/pages\/1995","targetHints":{"allow":["GET"]}}],"collection":[{"href":"https:\/\/www.expliquesonge.fr\/index.php?rest_route=\/wp\/v2\/pages"}],"about":[{"href":"https:\/\/www.expliquesonge.fr\/index.php?rest_route=\/wp\/v2\/types\/page"}],"author":[{"embeddable":true,"href":"https:\/\/www.expliquesonge.fr\/index.php?rest_route=\/wp\/v2\/users\/4"}],"replies":[{"embeddable":true,"href":"https:\/\/www.expliquesonge.fr\/index.php?rest_route=%2Fwp%2Fv2%2Fcomments&post=1995"}],"version-history":[{"count":1,"href":"https:\/\/www.expliquesonge.fr\/index.php?rest_route=\/wp\/v2\/pages\/1995\/revisions"}],"predecessor-version":[{"id":1996,"href":"https:\/\/www.expliquesonge.fr\/index.php?rest_route=\/wp\/v2\/pages\/1995\/revisions\/1996"}],"wp:attachment":[{"href":"https:\/\/www.expliquesonge.fr\/index.php?rest_route=%2Fwp%2Fv2%2Fmedia&parent=1995"}],"curies":[{"name":"wp","href":"https:\/\/api.w.org\/{rel}","templated":true}]}}

<p><strong>DE LA NUIT A L&rsquo;AUBE<br>Texte : Valérie Castel Jordy</strong><br><br>Présentation de la pièce avec une lecture d&rsquo;extraits :<br><br>Jeudi 21 novembre à 15h et vendredi 22 novembre à 11h à la<strong> maison des auteurs SACD</strong></p>



<p>Jeudi 28 novembre à 11h à <strong>Anis Gras, le lieu de l&rsquo;Autre à Arcueil</strong></p>



<p>Dans le cadre de Scènes sur Seine, Rencontres artistiques professionnelles d&rsquo;Île-de-France</p>



<p>Jeudi 16 janvier à 15h30 et jeudi 30 janvier à 15h30 à <strong>la maison des auteurs SACD</strong></p>



<p></p>



<p><strong>AU COEUR DES CENDRES<br>Texte : Etty Hillesum et Valérie Castel Jordy</strong><br><br>15 novembre à 20h30 au <strong>Sémaphore, Théâtre d&rsquo;Irigny</strong></p>

<p>DE LA NUIT A L&rsquo;AUBETexte : Valérie Castel Jordy Présentation de la pièce avec une lecture d&rsquo;extraits : Jeudi 21 novembre à 15h et vendredi 22 novembre à 11h à la maison des auteurs SACD Jeudi 28 novembre à 11h &hellip; <a href="https://www.expliquesonge.fr/?page_id=1995">Continuer la lecture <span class="meta-nav">&rarr;</span></a></p>
