{"id":821,"date":"2012-03-24T22:15:27","date_gmt":"2012-03-24T22:15:27","guid":{"rendered":"http:\/\/www.expliquesonge.fr\/?page_id=821"},"modified":"2012-03-24T22:27:54","modified_gmt":"2012-03-24T22:27:54","slug":"saison-2005-2006","status":"publish","type":"page","link":"http:\/\/www.expliquesonge.fr\/?page_id=821","title":{"rendered":"Saison 2005-2006"},"content":{"rendered":"<p align=\"left\">\u00a0<strong><em>Le Chant du Dire Dire\u00a0<\/em>de Daniel Danis<\/strong><\/p>\n<p>\u00a0<strong>du 15 f\u00e9vrier au 12 mars \u00e0 20h30 et dimanche \u00e0 17h<br \/>\n<\/strong>Cr\u00e9ation au Petit t2r, Les Th\u00e9\u00e2tres Charenton-le-Pont \u2013 Saint-Maurice<\/p>\n<p><strong><em><\/em><\/strong>\u00a0<\/p>\n<p><strong><em>Pling<\/em> de Nathalie Fillion<\/strong><\/p>\n<p>\u00a0<strong>du 1er avril au 7 mai, samedi \u00e0 17h, dimanche \u00e0 19h<br \/>\n<\/strong>Cr\u00e9ation au Th\u00e9o-Th\u00e9\u00e2tre, Paris<\/p>\n","protected":false},"excerpt":{"rendered":"<p>\u00a0Le Chant du Dire Dire\u00a0de Daniel Danis \u00a0du 15 f\u00e9vrier au 12 mars \u00e0 20h30 et dimanche \u00e0 17h Cr\u00e9ation au Petit t2r, Les Th\u00e9\u00e2tres Charenton-le-Pont \u2013 Saint-Maurice \u00a0 Pling de Nathalie Fillion \u00a0du 1er avril au 7 mai, samedi &hellip; <a href=\"http:\/\/www.expliquesonge.fr\/?page_id=821\">Continuer la lecture <span class=\"meta-nav\">&rarr;<\/span><\/a><\/p>\n","protected":false},"author":7,"featured_media":0,"parent":269,"menu_order":0,"comment_status":"open","ping_status":"open","template":"","meta":{"ngg_post_thumbnail":0,"footnotes":""},"class_list":["post-821","page","type-page","status-publish","hentry"],"_links":{"self":[{"href":"http:\/\/www.expliquesonge.fr\/index.php?rest_route=\/wp\/v2\/pages\/821","targetHints":{"allow":["GET"]}}],"collection":[{"href":"http:\/\/www.expliquesonge.fr\/index.php?rest_route=\/wp\/v2\/pages"}],"about":[{"href":"http:\/\/www.expliquesonge.fr\/index.php?rest_route=\/wp\/v2\/types\/page"}],"author":[{"embeddable":true,"href":"http:\/\/www.expliquesonge.fr\/index.php?rest_route=\/wp\/v2\/users\/7"}],"replies":[{"embeddable":true,"href":"http:\/\/www.expliquesonge.fr\/index.php?rest_route=%2Fwp%2Fv2%2Fcomments&post=821"}],"version-history":[{"count":6,"href":"http:\/\/www.expliquesonge.fr\/index.php?rest_route=\/wp\/v2\/pages\/821\/revisions"}],"predecessor-version":[{"id":823,"href":"http:\/\/www.expliquesonge.fr\/index.php?rest_route=\/wp\/v2\/pages\/821\/revisions\/823"}],"up":[{"embeddable":true,"href":"http:\/\/www.expliquesonge.fr\/index.php?rest_route=\/wp\/v2\/pages\/269"}],"wp:attachment":[{"href":"http:\/\/www.expliquesonge.fr\/index.php?rest_route=%2Fwp%2Fv2%2Fmedia&parent=821"}],"curies":[{"name":"wp","href":"https:\/\/api.w.org\/{rel}","templated":true}]}}