{"id":676,"date":"2011-12-22T14:36:06","date_gmt":"2011-12-22T14:36:06","guid":{"rendered":"http:\/\/www.expliquesonge.fr\/?page_id=676"},"modified":"2018-01-13T14:42:42","modified_gmt":"2018-01-13T14:42:42","slug":"action-artistique","status":"publish","type":"page","link":"http:\/\/www.expliquesonge.fr\/?page_id=676","title":{"rendered":"Action artistique"},"content":{"rendered":"<p align=\"JUSTIFY\"><span style=\"color: #000000;\"><span style=\"font-family: Optima;\"><span style=\"font-size: small;\">De 2004 \u00e0 2009, L\u2019Explique-Songe a men\u00e9 des interventions en milieu hospitalier. Accompagner le personnel hospitalier comme les patients est un engagement important pour la compagnie. Elle a particip\u00e9 aux s\u00e9ances de coaching dirig\u00e9es par Me Bop destin\u00e9es aux m\u00e9decins et directeurs de centres hospitaliers. Des com\u00e9diens ont men\u00e9 des ateliers th\u00e9\u00e2tre avec des patients de centres de jour. <\/span><\/span><\/span><\/p>\n<p align=\"JUSTIFY\"><span style=\"color: #000000;\"><span style=\"font-family: Optima;\"><span style=\"font-size: small;\">L\u2019Explique-Songe intervient \u00e9galement en milieu scolaire. Le d\u00e9veloppement des spectacles Jeune Public en t\u00e9moigne. \u00c9coles primaires, coll\u00e8ges, lyc\u00e9es, tous les visages de la jeunesse int\u00e9ressent la compagnie dans un d\u00e9sir de partager l\u2019\u00e9nergie cr\u00e9atrice du th\u00e9\u00e2tre. <\/span><\/span><\/span><\/p>\n<p align=\"JUSTIFY\"><span style=\"color: #000000;\"><span style=\"font-family: Optima;\"><span style=\"font-size: small;\">Intervenir en E.H.P.A.D entre aussi en coh\u00e9rence avec notre engagement. Accompagner artistiquement des personnes \u00e2g\u00e9es d\u00e9pendantes, porteurs d&rsquo;une longue histoire et partager avec eux nos exp\u00e9riences de vie par un projet artistique qui les dynamise et leur permet de se surprendre encore est une perspective r\u00e9jouissante pour notre compagnie. <\/span><\/span><\/span><\/p>\n<p align=\"JUSTIFY\"><span style=\"color: #000000;\"><span style=\"font-family: Optima;\"><span style=\"font-size: small;\">Notre souhait est aussi d\u2019intervenir en milieu plus pr\u00e9caire en terme social et artistique. Porter le th\u00e9\u00e2tre et la cr\u00e9ation artistique l\u00e0 o\u00f9 ils manquent cruellement. Ainsi, L\u2019Explique-Songe trouvera un sens plus complet \u00e0 son \u0153uvre actuelle.<\/span><\/span><\/span><\/p>\n<p align=\"JUSTIFY\"><span style=\"font-family: 'Arial Narrow', sans-serif;\"><span style=\"font-size: small;\"><span style=\"font-family: Optima;\"><span style=\"font-size: small;\"><b>Interventions en milieu hospitalier\u00a0:<\/b><\/span><\/span> <\/span><\/span><\/p>\n<p align=\"JUSTIFY\"><span style=\"font-family: 'Arial Narrow', sans-serif;\"><span style=\"font-size: small;\"><span style=\"font-family: Optima;\"><span style=\"font-size: small;\">Avec Me Bop, cabinet de coaching en entreprise, L\u2019Explique-Songe intervient aupr\u00e8s du Centre Hospitalier de Lagny \u2013 Marne-la-Vall\u00e9e et de l\u2019H\u00f4pital Saint-Louis de Paris en 2004. <\/span><\/span><span style=\"font-family: Optima;\"><span style=\"font-size: small;\">D<\/span><\/span><span style=\"font-family: Optima;\"><span style=\"font-size: small;\">e 2004 \u00e0 2009, direction d&rsquo;un atelier th\u00e9\u00e2tre en milieu psychiatrique \u00e0 la Ferme d\u2019Ayau \u00e0 Roissy-en-Brie pour les centres de jour de Lagny-sur-Marne et de Pontault-Combault.<\/span><\/span><\/span><\/span><\/p>\n<p align=\"JUSTIFY\"><span style=\"font-family: Optima;\"><span style=\"font-size: small;\"><b>Interventions en biblioth\u00e8que et m\u00e9diath\u00e8que\u00a0: <\/b><\/span><\/span><\/p>\n<p align=\"JUSTIFY\"><span style=\"font-family: 'Arial Narrow', sans-serif;\"><span style=\"font-size: small;\"><span style=\"font-family: Optima;\"><span style=\"font-size: small;\">Rencontres, lectures et pr\u00e9sentations de spectacles Jeune Public : <\/span><\/span><span style=\"font-family: Optima;\"><span style=\"font-size: small;\">Biblioth\u00e8que Andr\u00e9 Malraux, Paris, 2007, M\u00e9diath\u00e8que d&rsquo;Asni\u00e8res et M\u00e9diath\u00e8que de Questembert, 2009 et 2010, M\u00e9diath\u00e8que de Ch\u00e2tillon, 2011.<\/span><\/span><\/span><\/span><\/p>\n<p align=\"JUSTIFY\"><span style=\"font-family: Optima;\"><span style=\"font-size: small;\"><b>Intervention en milieu scolaire : <\/b><\/span><\/span><\/p>\n<p align=\"JUSTIFY\"><span style=\"font-family: 'Arial Narrow', sans-serif;\"><span style=\"font-size: small;\"><span style=\"font-family: Optima;\"><span style=\"font-size: small;\">En 2008, autour du spectacle <\/span><\/span><span style=\"font-family: Optima;\"><span style=\"font-size: small;\"><i>Le Chant du Dire-Dire<\/i><\/span><\/span><span style=\"font-family: Optima;\"><span style=\"font-size: small;\"> pr\u00e9sent\u00e9 au Th\u00e9\u00e2tre de Vanves, interventions aupr\u00e8s de coll\u00e9giens dans le cadre du dispositif \u00ab\u00a0Jeux de Seine\u00a0\u00bb propos\u00e9 par le D\u00e9partement des Hauts-de-Seine.<\/span><\/span><\/span><\/span><\/p>\n<p align=\"JUSTIFY\"><span style=\"font-family: 'Arial Narrow', sans-serif;\"><span style=\"font-size: small;\"><span style=\"font-family: Optima;\"><span style=\"font-size: small;\">En 2012, autour du spectacle <\/span><\/span><span style=\"font-family: Optima;\"><span style=\"font-size: small;\"><i>Pacamambo<\/i><\/span><\/span><span style=\"font-family: Optima;\"><span style=\"font-size: small;\">, interventions aupr\u00e8s de classes de primaires et de coll\u00e8ge de Conflans-Sainte-Honorine et de Fontenay-aux-Roses. Interventions aupr\u00e8s de coll\u00e9giens dans le cadre du dispositif \u00ab\u00a0Eteignez vos portables\u00a0\u00bb propos\u00e9 par le D\u00e9partement des Hauts-de-Seine. 10 heures de pratique artistique ont \u00e9t\u00e9 effectu\u00e9es avec une classe de 6e du coll\u00e8ge Jean Renoir de Boulogne-Billancourt.<\/span><\/span><\/span><\/span><\/p>\n<p align=\"JUSTIFY\"><span style=\"font-family: Optima;\"><span style=\"font-size: small;\"><b>Intervention en EHPAD\u00a0:<\/b><\/span><\/span><\/p>\n<p align=\"JUSTIFY\"><span style=\"font-family: 'Arial Narrow', sans-serif;\"><span style=\"font-size: small;\"><span style=\"font-family: Optima;\"><span style=\"font-size: small;\">En 2016, la compagnie est intervenue \u00e0 l&rsquo;EHPAD La chamade de Nanterre dans le cadre du dispositif \u00ab\u00a0Culture 3.4\u00a0\u00bb organis\u00e9 par le D\u00e9partement des Hauts-de-Seine. Un atelier d&rsquo;\u00e9criture men\u00e9 sur plusieurs mois a donn\u00e9 la mati\u00e8re d&rsquo;un spectacle <\/span><\/span><span style=\"font-family: Optima;\"><span style=\"font-size: small;\"><i>Quand notre c\u0153ur bat la chamade <\/i><\/span><\/span><span style=\"font-family: Optima;\"><span style=\"font-size: small;\">jou\u00e9 par les r\u00e9sidents et pr\u00e9sent\u00e9 en f\u00e9vrier 2017 au sein de l&rsquo;EHPAD.<\/span><\/span><\/span><\/span><\/p>\n","protected":false},"excerpt":{"rendered":"<p>De 2004 \u00e0 2009, L\u2019Explique-Songe a men\u00e9 des interventions en milieu hospitalier. Accompagner le personnel hospitalier comme les patients est un engagement important pour la compagnie. Elle a particip\u00e9 aux s\u00e9ances de coaching dirig\u00e9es par Me Bop destin\u00e9es aux m\u00e9decins &hellip; <a href=\"http:\/\/www.expliquesonge.fr\/?page_id=676\">Continuer la lecture <span class=\"meta-nav\">&rarr;<\/span><\/a><\/p>\n","protected":false},"author":2,"featured_media":0,"parent":0,"menu_order":0,"comment_status":"open","ping_status":"open","template":"","meta":{"ngg_post_thumbnail":0,"footnotes":""},"class_list":["post-676","page","type-page","status-publish","hentry"],"_links":{"self":[{"href":"http:\/\/www.expliquesonge.fr\/index.php?rest_route=\/wp\/v2\/pages\/676","targetHints":{"allow":["GET"]}}],"collection":[{"href":"http:\/\/www.expliquesonge.fr\/index.php?rest_route=\/wp\/v2\/pages"}],"about":[{"href":"http:\/\/www.expliquesonge.fr\/index.php?rest_route=\/wp\/v2\/types\/page"}],"author":[{"embeddable":true,"href":"http:\/\/www.expliquesonge.fr\/index.php?rest_route=\/wp\/v2\/users\/2"}],"replies":[{"embeddable":true,"href":"http:\/\/www.expliquesonge.fr\/index.php?rest_route=%2Fwp%2Fv2%2Fcomments&post=676"}],"version-history":[{"count":6,"href":"http:\/\/www.expliquesonge.fr\/index.php?rest_route=\/wp\/v2\/pages\/676\/revisions"}],"predecessor-version":[{"id":1390,"href":"http:\/\/www.expliquesonge.fr\/index.php?rest_route=\/wp\/v2\/pages\/676\/revisions\/1390"}],"wp:attachment":[{"href":"http:\/\/www.expliquesonge.fr\/index.php?rest_route=%2Fwp%2Fv2%2Fmedia&parent=676"}],"curies":[{"name":"wp","href":"https:\/\/api.w.org\/{rel}","templated":true}]}}