{"id":597,"date":"2011-12-22T12:37:14","date_gmt":"2011-12-22T12:37:14","guid":{"rendered":"http:\/\/www.expliquesonge.fr\/?page_id=597"},"modified":"2013-09-10T14:04:09","modified_gmt":"2013-09-10T14:04:09","slug":"pourquoi-claudel-aujourdhui","status":"publish","type":"page","link":"http:\/\/www.expliquesonge.fr\/?page_id=597","title":{"rendered":"Pourquoi Claudel aujourd&rsquo;hui ?"},"content":{"rendered":"<p style=\"text-align: justify;\">Je ressens de plus en plus notre \u00e8re mat\u00e9rialiste occidentale comme un danger grandissant pour notre condition d&rsquo;hommes et de femmes\u00a0; la fraternit\u00e9 bafou\u00e9e, la vision insupportable de ces \u00eatres allong\u00e9s \u00e0 m\u00eame le sol, pr\u00e8s des caf\u00e9s et des marchands de journaux&#8230;<\/p>\n<p style=\"text-align: justify;\">Je d\u00e9sire mettre en place un projet sur Paul Claudel avec ma foi en l&rsquo;humanit\u00e9 et cela pour plusieurs ann\u00e9es. J&rsquo;ai la sensation qu&rsquo;il y a des choses pr\u00e9cieuses en moi pour mettre en sc\u00e8ne Claudel, des choses qui font que ce sera \u00ab\u00a0ma version\u00a0\u00bb. Ce sera sensuel et charnel. De l&rsquo;eau, du sable, le v\u00eatement mouill\u00e9 sur le corps nu, les pieds comme la racine des arbres et pas de plafond dans le th\u00e9\u00e2tre&#8230; Voil\u00e0, c&rsquo;est \u00e7a que je veux, entrevoir le ciel, remettre le th\u00e9\u00e2tre \u00e0 sa vraie dimension, sacr\u00e9e comme l&rsquo;humain est sacr\u00e9&#8230; Nous ne sommes qu&rsquo;un petit souffle. Quand nous ne serons plus l\u00e0, qu&rsquo;aurons-nous laiss\u00e9 et qu&rsquo;aurons-nous v\u00e9cu ?<\/p>\n<p style=\"text-align: justify;\">Le cri qui sort de moi aujourd&rsquo;hui, c&rsquo;est que, quelles que soient nos convictions, nous sommes des \u00eatres spirituels. Et que faisons-nous de cela ? Comment sommes-nous trait\u00e9s par les puissants ? En occident, nous avons du mal \u00e0 parler de ce qui nous anime profond\u00e9ment&#8230; Le souffle qui nous tient debout&#8230; O\u00f9 parlons-nous de ce qui est invisible ? O\u00f9 entendre la voix des gens simples qui donnent leur amour ?<\/p>\n<p style=\"text-align: justify;\">Le th\u00e9\u00e2tre peut \u00eatre ce lieu-l\u00e0, un lieu d&rsquo;\u00e9changes sur notre r\u00e9alit\u00e9 d&rsquo;hommes et de femmes spirituels et charnels. Ces dimensions ne sont pas s\u00e9par\u00e9es, mais au contraire reli\u00e9es dans un puissant mouvement d&rsquo;harmonie&#8230; Cet \u00e9quilibre, nous le cherchons tous, je crois.<\/p>\n<p style=\"text-align: justify;\">Premi\u00e8res r\u00e9flexions, f\u00e9vrier 2007<\/p>\n<p style=\"text-align: justify;\"><a title=\"L\u2019Echange\" href=\"http:\/\/www.expliquesonge.fr\/?page_id=194\">Retour \u00e0 la pi\u00e8ce<\/a><\/p>\n","protected":false},"excerpt":{"rendered":"<p>Je ressens de plus en plus notre \u00e8re mat\u00e9rialiste occidentale comme un danger grandissant pour notre condition d&rsquo;hommes et de femmes\u00a0; la fraternit\u00e9 bafou\u00e9e, la vision insupportable de ces \u00eatres allong\u00e9s \u00e0 m\u00eame le sol, pr\u00e8s des caf\u00e9s et des &hellip; <a href=\"http:\/\/www.expliquesonge.fr\/?page_id=597\">Continuer la lecture <span class=\"meta-nav\">&rarr;<\/span><\/a><\/p>\n","protected":false},"author":2,"featured_media":0,"parent":194,"menu_order":0,"comment_status":"open","ping_status":"open","template":"","meta":{"ngg_post_thumbnail":0,"footnotes":""},"class_list":["post-597","page","type-page","status-publish","hentry"],"_links":{"self":[{"href":"http:\/\/www.expliquesonge.fr\/index.php?rest_route=\/wp\/v2\/pages\/597","targetHints":{"allow":["GET"]}}],"collection":[{"href":"http:\/\/www.expliquesonge.fr\/index.php?rest_route=\/wp\/v2\/pages"}],"about":[{"href":"http:\/\/www.expliquesonge.fr\/index.php?rest_route=\/wp\/v2\/types\/page"}],"author":[{"embeddable":true,"href":"http:\/\/www.expliquesonge.fr\/index.php?rest_route=\/wp\/v2\/users\/2"}],"replies":[{"embeddable":true,"href":"http:\/\/www.expliquesonge.fr\/index.php?rest_route=%2Fwp%2Fv2%2Fcomments&post=597"}],"version-history":[{"count":6,"href":"http:\/\/www.expliquesonge.fr\/index.php?rest_route=\/wp\/v2\/pages\/597\/revisions"}],"predecessor-version":[{"id":1130,"href":"http:\/\/www.expliquesonge.fr\/index.php?rest_route=\/wp\/v2\/pages\/597\/revisions\/1130"}],"up":[{"embeddable":true,"href":"http:\/\/www.expliquesonge.fr\/index.php?rest_route=\/wp\/v2\/pages\/194"}],"wp:attachment":[{"href":"http:\/\/www.expliquesonge.fr\/index.php?rest_route=%2Fwp%2Fv2%2Fmedia&parent=597"}],"curies":[{"name":"wp","href":"https:\/\/api.w.org\/{rel}","templated":true}]}}