{"id":408,"date":"2011-12-14T10:02:14","date_gmt":"2011-12-14T10:02:14","guid":{"rendered":"http:\/\/www.expliquesonge.fr\/?page_id=408"},"modified":"2018-08-26T14:30:50","modified_gmt":"2018-08-26T14:30:50","slug":"eric-nesci-%e2%80%93-assistant-a-la-mise-en-scene","status":"publish","type":"page","link":"http:\/\/www.expliquesonge.fr\/?page_id=408","title":{"rendered":"Eric Nesci"},"content":{"rendered":"<p><em><strong>Com\u00e9dien et\u00a0collaborateur artistique<\/strong><\/em><\/p>\n<div id=\"attachment_519\" style=\"width: 261px\" class=\"wp-caption alignleft\"><a href=\"http:\/\/www.expliquesonge.fr\/wp-content\/uploads\/2011\/12\/Eric-Nesci.jpg\"><img loading=\"lazy\" decoding=\"async\" aria-describedby=\"caption-attachment-519\" class=\"size-medium wp-image-519 \" title=\"Eric Nesci\u00a9expliquesonge\" src=\"http:\/\/www.expliquesonge.fr\/wp-content\/uploads\/2011\/12\/Eric-Nesci-251x300.jpg\" alt=\"\" width=\"251\" height=\"300\" srcset=\"http:\/\/www.expliquesonge.fr\/wp-content\/uploads\/2011\/12\/Eric-Nesci-251x300.jpg 251w, http:\/\/www.expliquesonge.fr\/wp-content\/uploads\/2011\/12\/Eric-Nesci.jpg 753w\" sizes=\"auto, (max-width: 251px) 100vw, 251px\" \/><\/a><p id=\"caption-attachment-519\" class=\"wp-caption-text\">Eric Nesci<\/p><\/div>\n<p style=\"text-align: justify;\">Apr\u00e8s une longue formation en Arts Martiaux, Eric Nesci se forme \u00e0 l\u2019<strong>Ecole Fratellini<\/strong>, \u00e0 l\u2019<strong>Ecole du Studio<\/strong> d\u2019Asni\u00e8res et \u00e0 l\u2019<strong>Ecole Internationale Jacques Lecoq<\/strong>.<\/p>\n<p style=\"text-align: justify;\">En 2003, il int\u00e8gre <strong>Le Studio, Cie Jean-Louis Martin-Barbaz<\/strong> o\u00f9 il joue sous sa direction notamment dans <em>Dom Juan <\/em>de Moli\u00e8re. Il joue \u00e9galement sous la direction d\u2019Yveline Hamon dans <em>American way of life<\/em>, montage de pi\u00e8ces d\u2019auteurs am\u00e9ricains et dans<em> La cour du Lion <\/em>d\u2019apr\u00e8s <em>Les Fables<\/em> de La Fontaine et <em>les M\u00e9moires<\/em> de Saint-Simon. Il joue aussi dans <em>Crispin rival de son ma\u00eetre <\/em>de Lesage sous la direction de Patrick Paroux et danse dans <em>Nocturne Urbain<\/em>, spectacle chor\u00e9graphique de Jean-Marc Hoolbecq. Il profite de son exp\u00e9rience des Arts Martiaux et de l\u2019escrime th\u00e9\u00e2trale pour collaborer \u00e0 la r\u00e9alisation de divers combats, pour <em>Nocturne Urbain<\/em> et <em>Dom Juan<\/em>.<\/p>\n<p style=\"text-align: justify;\">En 2007, il joue dans <em>Les s\u0153urs d\u2019Electre<\/em> mis en sc\u00e8ne par Maja Bieler \u00e0 <strong>l\u2019Espace Icare<\/strong> d\u2019Issy-les-Moulineaux. Il joue dans\u00a0<em>Big Shoot<\/em> de Koffi Kwahul\u00e9 mis en sc\u00e8ne par Sidney Ali Mehelleb notamment au\u00a0<strong>Th\u00e9\u00e2tre de Vanves<\/strong>.\u00a0Avec <strong>L\u2019Explique-Songe,<\/strong> il joue dans <em>Le Chant du Dire-Dire<\/em> de Daniel Danis mis en sc\u00e8ne par Val\u00e9rie Castel Jordy et collabore \u00e0 ses mises en sc\u00e8ne<strong>\u00a0<\/strong>pour\u00a0<em>L&rsquo;Echange<\/em> de Paul Claudel,\u00a0<i>Pacamambo<\/i> de Wajdi Mouawad et <em>Ainsi vont les cerises\u00a0<\/em>de Val\u00e9rie Castel Jordy.<\/p>\n<p style=\"text-align: justify;\">En 2015, il a r\u00e9alis\u00e9 les combats de <em>Rom\u00e9o et Juliette<\/em>, Thriller m\u00e9diatique d&rsquo;apr\u00e8s William Shakespeare mis en sc\u00e8ne et adapt\u00e9 par Anne Barbot et Alexandre Delawarde au <strong>Th\u00e9\u00e2tre Romain Rolland<\/strong> de Villejuif. Derni\u00e8rement, il a jou\u00e9 dans <em>Babacar ou l&rsquo;antilope<\/em> mis en sc\u00e8ne par Sidney Ali Mehelleb au <strong>Th\u00e9\u00e2tre 13 Seine<\/strong>.<\/p>\n<p>Il enseigne \u00e0 <strong>L&rsquo;Ecole Internationale Jacques Lecoq<\/strong> depuis 2011.<\/p>\n","protected":false},"excerpt":{"rendered":"<p>Com\u00e9dien et\u00a0collaborateur artistique Apr\u00e8s une longue formation en Arts Martiaux, Eric Nesci se forme \u00e0 l\u2019Ecole Fratellini, \u00e0 l\u2019Ecole du Studio d\u2019Asni\u00e8res et \u00e0 l\u2019Ecole Internationale Jacques Lecoq. En 2003, il int\u00e8gre Le Studio, Cie Jean-Louis Martin-Barbaz o\u00f9 il joue &hellip; <a href=\"http:\/\/www.expliquesonge.fr\/?page_id=408\">Continuer la lecture <span class=\"meta-nav\">&rarr;<\/span><\/a><\/p>\n","protected":false},"author":1,"featured_media":0,"parent":40,"menu_order":0,"comment_status":"open","ping_status":"closed","template":"","meta":{"ngg_post_thumbnail":0,"footnotes":""},"class_list":["post-408","page","type-page","status-publish","hentry"],"_links":{"self":[{"href":"http:\/\/www.expliquesonge.fr\/index.php?rest_route=\/wp\/v2\/pages\/408","targetHints":{"allow":["GET"]}}],"collection":[{"href":"http:\/\/www.expliquesonge.fr\/index.php?rest_route=\/wp\/v2\/pages"}],"about":[{"href":"http:\/\/www.expliquesonge.fr\/index.php?rest_route=\/wp\/v2\/types\/page"}],"author":[{"embeddable":true,"href":"http:\/\/www.expliquesonge.fr\/index.php?rest_route=\/wp\/v2\/users\/1"}],"replies":[{"embeddable":true,"href":"http:\/\/www.expliquesonge.fr\/index.php?rest_route=%2Fwp%2Fv2%2Fcomments&post=408"}],"version-history":[{"count":11,"href":"http:\/\/www.expliquesonge.fr\/index.php?rest_route=\/wp\/v2\/pages\/408\/revisions"}],"predecessor-version":[{"id":1421,"href":"http:\/\/www.expliquesonge.fr\/index.php?rest_route=\/wp\/v2\/pages\/408\/revisions\/1421"}],"up":[{"embeddable":true,"href":"http:\/\/www.expliquesonge.fr\/index.php?rest_route=\/wp\/v2\/pages\/40"}],"wp:attachment":[{"href":"http:\/\/www.expliquesonge.fr\/index.php?rest_route=%2Fwp%2Fv2%2Fmedia&parent=408"}],"curies":[{"name":"wp","href":"https:\/\/api.w.org\/{rel}","templated":true}]}}