{"id":1848,"date":"2023-02-16T16:30:20","date_gmt":"2023-02-16T16:30:20","guid":{"rendered":"http:\/\/www.expliquesonge.fr\/?page_id=1848"},"modified":"2023-02-17T14:10:04","modified_gmt":"2023-02-17T14:10:04","slug":"aude-desigaux","status":"publish","type":"page","link":"http:\/\/www.expliquesonge.fr\/?page_id=1848","title":{"rendered":"Aude D\u00e9sigaux"},"content":{"rendered":"<p><em><strong>Costumi\u00e8re<\/strong><\/em><\/p>\n<p>Aude D\u00e9sigaux s\u2019est form\u00e9e \u00e0 L\u2019ENSATT au sein des d\u00e9partements costumier Coupeur puis Concepteur.<br \/>\nAu th\u00e9\u00e2tre, elle travaille avec les collectif Os\u2019O, Traverse et les metteur\u00b7ses en sc\u00e8ne, Thomas Bouvet, Pascale Daniel-Lacombe, Jean-Claude Grumberg, Baptiste Guiton, Pauline Laidet, Shady Nafar, Christophe Perton, Sylvie<br \/>\nPeyronnet, Pauline Ribat et Val\u00e9rie Castel Jordy.<br \/>\n\u00c0 l\u2019op\u00e9ra, elle signe une cr\u00e9ation costumes pour l\u2019Atelier Lyrique de l\u2019Op\u00e9ra de Paris ainsi qu\u2019une cr\u00e9ation costumes pour la maitrise de l\u2019Op\u00e9ra de Lyon. Elle assure les cr\u00e9ations costumes de quatre op\u00e9ras mis en sc\u00e8ne par Claude<br \/>\nMontagn\u00e9 pour le festival de S\u00e9di\u00e8res. Elle signe les costumes d\u2019Orph\u00e9e et Eurydice, mis en sc\u00e8ne par Thomas Bouvet \u00e0 l\u2019Op\u00e9ra de Rouen.<br \/>\nPour la danse, elle a travaill\u00e9 avec Fr\u00e9d\u00e9ric Cell\u00e9, Rachel Mat\u00e9is, Farid Berki, Nina Vallon et assur\u00e9 la recr\u00e9ation des costumes d\u2019un ballet de Merce Cunningham pour l\u2019Op\u00e9ra de Lyon. Elle a travaill\u00e9 \u00e9galement comme charg\u00e9e de production costumes sur une production de Robert Hossein, et des op\u00e9ras de Macha Make\u00efeff, Laurent Pelly et David Marton.<\/p>\n","protected":false},"excerpt":{"rendered":"<p>Costumi\u00e8re Aude D\u00e9sigaux s\u2019est form\u00e9e \u00e0 L\u2019ENSATT au sein des d\u00e9partements costumier Coupeur puis Concepteur. Au th\u00e9\u00e2tre, elle travaille avec les collectif Os\u2019O, Traverse et les metteur\u00b7ses en sc\u00e8ne, Thomas Bouvet, Pascale Daniel-Lacombe, Jean-Claude Grumberg, Baptiste Guiton, Pauline Laidet, Shady &hellip; <a href=\"http:\/\/www.expliquesonge.fr\/?page_id=1848\">Continuer la lecture <span class=\"meta-nav\">&rarr;<\/span><\/a><\/p>\n","protected":false},"author":4,"featured_media":0,"parent":40,"menu_order":0,"comment_status":"open","ping_status":"closed","template":"","meta":{"ngg_post_thumbnail":0,"footnotes":""},"class_list":["post-1848","page","type-page","status-publish","hentry"],"_links":{"self":[{"href":"http:\/\/www.expliquesonge.fr\/index.php?rest_route=\/wp\/v2\/pages\/1848","targetHints":{"allow":["GET"]}}],"collection":[{"href":"http:\/\/www.expliquesonge.fr\/index.php?rest_route=\/wp\/v2\/pages"}],"about":[{"href":"http:\/\/www.expliquesonge.fr\/index.php?rest_route=\/wp\/v2\/types\/page"}],"author":[{"embeddable":true,"href":"http:\/\/www.expliquesonge.fr\/index.php?rest_route=\/wp\/v2\/users\/4"}],"replies":[{"embeddable":true,"href":"http:\/\/www.expliquesonge.fr\/index.php?rest_route=%2Fwp%2Fv2%2Fcomments&post=1848"}],"version-history":[{"count":4,"href":"http:\/\/www.expliquesonge.fr\/index.php?rest_route=\/wp\/v2\/pages\/1848\/revisions"}],"predecessor-version":[{"id":1893,"href":"http:\/\/www.expliquesonge.fr\/index.php?rest_route=\/wp\/v2\/pages\/1848\/revisions\/1893"}],"up":[{"embeddable":true,"href":"http:\/\/www.expliquesonge.fr\/index.php?rest_route=\/wp\/v2\/pages\/40"}],"wp:attachment":[{"href":"http:\/\/www.expliquesonge.fr\/index.php?rest_route=%2Fwp%2Fv2%2Fmedia&parent=1848"}],"curies":[{"name":"wp","href":"https:\/\/api.w.org\/{rel}","templated":true}]}}