{"id":1794,"date":"2023-02-16T15:16:32","date_gmt":"2023-02-16T15:16:32","guid":{"rendered":"http:\/\/www.expliquesonge.fr\/?page_id=1794"},"modified":"2023-02-17T13:43:10","modified_gmt":"2023-02-17T13:43:10","slug":"synopsis-au-coeur-des-cendres","status":"publish","type":"page","link":"http:\/\/www.expliquesonge.fr\/?page_id=1794","title":{"rendered":"Synopsis"},"content":{"rendered":"<p style=\"text-align: left;\" align=\"JUSTIFY\">Dans le train qui l&#8217;emm\u00e8ne vers la Pologne, Etty se souvient de ce qu&rsquo;elle a v\u00e9cu deux ans auparavant. Les sc\u00e8nes du wagon o\u00f9 elle fera des rencontres et celles du pass\u00e9 vont alterner au fil des kilom\u00e8tres. L&rsquo;homme qu&rsquo;elle a aim\u00e9, ses ami\u00b7e\u00b7s, ses parents, son professeur, des membres du Conseil Juif, un agent de la Gestapo, le commandant du camp de Westerbork et des artistes de cabaret vont jaillir sur sc\u00e8ne comme autant de visages qu&rsquo;elle a crois\u00e9s. La vie explose alors m\u00eame que la guerre fait rage, elle s&rsquo;infiltre par tous les interstices du train pour que la barbarie n&rsquo;ait pas le dernier mot.<\/p>\n<p style=\"text-align: left;\">Ce spectacle est une ode \u00e0 la vie. La pr\u00e9sence de la musique sur sc\u00e8ne accompagne cette dynamique avec justesse et intensit\u00e9. Le regard d&rsquo;Etty Hillesum sur le monde nous invite \u00e0 l&rsquo;espoir et \u00e0 la r\u00e9sistance. Son incroyable force vitale est universelle.<\/p>\n","protected":false},"excerpt":{"rendered":"<p>Dans le train qui l&#8217;emm\u00e8ne vers la Pologne, Etty se souvient de ce qu&rsquo;elle a v\u00e9cu deux ans auparavant. Les sc\u00e8nes du wagon o\u00f9 elle fera des rencontres et celles du pass\u00e9 vont alterner au fil des kilom\u00e8tres. L&rsquo;homme qu&rsquo;elle &hellip; <a href=\"http:\/\/www.expliquesonge.fr\/?page_id=1794\">Continuer la lecture <span class=\"meta-nav\">&rarr;<\/span><\/a><\/p>\n","protected":false},"author":4,"featured_media":0,"parent":1836,"menu_order":0,"comment_status":"open","ping_status":"closed","template":"","meta":{"ngg_post_thumbnail":0,"footnotes":""},"class_list":["post-1794","page","type-page","status-publish","hentry"],"_links":{"self":[{"href":"http:\/\/www.expliquesonge.fr\/index.php?rest_route=\/wp\/v2\/pages\/1794","targetHints":{"allow":["GET"]}}],"collection":[{"href":"http:\/\/www.expliquesonge.fr\/index.php?rest_route=\/wp\/v2\/pages"}],"about":[{"href":"http:\/\/www.expliquesonge.fr\/index.php?rest_route=\/wp\/v2\/types\/page"}],"author":[{"embeddable":true,"href":"http:\/\/www.expliquesonge.fr\/index.php?rest_route=\/wp\/v2\/users\/4"}],"replies":[{"embeddable":true,"href":"http:\/\/www.expliquesonge.fr\/index.php?rest_route=%2Fwp%2Fv2%2Fcomments&post=1794"}],"version-history":[{"count":8,"href":"http:\/\/www.expliquesonge.fr\/index.php?rest_route=\/wp\/v2\/pages\/1794\/revisions"}],"predecessor-version":[{"id":1890,"href":"http:\/\/www.expliquesonge.fr\/index.php?rest_route=\/wp\/v2\/pages\/1794\/revisions\/1890"}],"up":[{"embeddable":true,"href":"http:\/\/www.expliquesonge.fr\/index.php?rest_route=\/wp\/v2\/pages\/1836"}],"wp:attachment":[{"href":"http:\/\/www.expliquesonge.fr\/index.php?rest_route=%2Fwp%2Fv2%2Fmedia&parent=1794"}],"curies":[{"name":"wp","href":"https:\/\/api.w.org\/{rel}","templated":true}]}}