{"id":1728,"date":"2023-02-13T21:01:29","date_gmt":"2023-02-13T21:01:29","guid":{"rendered":"http:\/\/www.expliquesonge.fr\/?page_id=1728"},"modified":"2023-02-13T21:01:29","modified_gmt":"2023-02-13T21:01:29","slug":"saison-2021-2022","status":"publish","type":"page","link":"http:\/\/www.expliquesonge.fr\/?page_id=1728","title":{"rendered":"Saison 2021-2022"},"content":{"rendered":"\n<p><strong><em>Au coeur des cendres<\/em><\/strong>, librement inspir\u00e9 des \u00e9crits d&rsquo;<strong>Etty Hillesum<\/strong><br>Texte : <strong>Etty Hillesum<\/strong> et <strong>Val\u00e9rie Castel Jordy<\/strong><br><br><strong>R\u00e9sidences de cr\u00e9ation <\/strong><br>&#8211; Du 27 septembre au 1er octobre aux <strong>Plateaux Sauvages et au Th\u00e9\u00e2tre Montansier de Versailles <\/strong><br>&#8211; Du 4 au 9 octobre au <strong>Th\u00e9\u00e2tre Jacques Carat de Cachan <\/strong><br>&#8211; Du 11 au 16 octobre au <strong>Bac \u00e0 Traille \/ Th\u00e9\u00e2tre de la Renaissance \u00e0 Oullins (69) <\/strong><br>&#8211; Du 25 au 29 octobre \u00e0 l&rsquo;<strong>Ecole Municipale d&rsquo;Art Dramatique de Castres (81) <\/strong><br>&#8211; 29 octobre \u00e0 14h : <strong>Pr\u00e9sentation publique<\/strong> <br>&#8211; Du 1er au 3 novembre \u00e0 <strong>Anis Gras, le lieu de l&rsquo;Autre \u00e0 Arcueil (94) <\/strong><br><br><strong>Cr\u00e9ation<\/strong><br><strong>&#8211; <\/strong>Du 3 au 6 novembre \u00e0 19h30, les 4 et 5 nov. \u00e0 14h30 et le 6 nov. \u00e0 15h<strong> <\/strong>\u00e0<strong> Anis Gras, le lieu de l&rsquo;Autre \u00e0 Arcueil <\/strong><br>&#8211; Le 5 d\u00e9cembre au<strong> Th\u00e9\u00e2tre Olympe de Gouges de Montauban (82) <\/strong><br>&#8211; Du 31 janvier au 4 f\u00e9vrier<strong> <\/strong>dans<strong> les sites ICAM de Toulouse (31), Nantes (44), Paris-S\u00e9nart (77) et Lille (59) <\/strong><br>&#8211; Les 14 et 15 avril au <strong>Th\u00e9\u00e2tre dans les Vignes \u00e0 Couffoulens (11)<\/strong><\/p>\n","protected":false},"excerpt":{"rendered":"<p>Au coeur des cendres, librement inspir\u00e9 des \u00e9crits d&rsquo;Etty HillesumTexte : Etty Hillesum et Val\u00e9rie Castel Jordy R\u00e9sidences de cr\u00e9ation &#8211; Du 27 septembre au 1er octobre aux Plateaux Sauvages et au Th\u00e9\u00e2tre Montansier de Versailles &#8211; Du 4 au &hellip; <a href=\"http:\/\/www.expliquesonge.fr\/?page_id=1728\">Continuer la lecture <span class=\"meta-nav\">&rarr;<\/span><\/a><\/p>\n","protected":false},"author":4,"featured_media":0,"parent":0,"menu_order":0,"comment_status":"closed","ping_status":"closed","template":"","meta":{"ngg_post_thumbnail":0,"footnotes":""},"class_list":["post-1728","page","type-page","status-publish","hentry"],"_links":{"self":[{"href":"http:\/\/www.expliquesonge.fr\/index.php?rest_route=\/wp\/v2\/pages\/1728","targetHints":{"allow":["GET"]}}],"collection":[{"href":"http:\/\/www.expliquesonge.fr\/index.php?rest_route=\/wp\/v2\/pages"}],"about":[{"href":"http:\/\/www.expliquesonge.fr\/index.php?rest_route=\/wp\/v2\/types\/page"}],"author":[{"embeddable":true,"href":"http:\/\/www.expliquesonge.fr\/index.php?rest_route=\/wp\/v2\/users\/4"}],"replies":[{"embeddable":true,"href":"http:\/\/www.expliquesonge.fr\/index.php?rest_route=%2Fwp%2Fv2%2Fcomments&post=1728"}],"version-history":[{"count":1,"href":"http:\/\/www.expliquesonge.fr\/index.php?rest_route=\/wp\/v2\/pages\/1728\/revisions"}],"predecessor-version":[{"id":1729,"href":"http:\/\/www.expliquesonge.fr\/index.php?rest_route=\/wp\/v2\/pages\/1728\/revisions\/1729"}],"wp:attachment":[{"href":"http:\/\/www.expliquesonge.fr\/index.php?rest_route=%2Fwp%2Fv2%2Fmedia&parent=1728"}],"curies":[{"name":"wp","href":"https:\/\/api.w.org\/{rel}","templated":true}]}}