{"id":1619,"date":"2021-01-28T17:24:54","date_gmt":"2021-01-28T17:24:54","guid":{"rendered":"http:\/\/www.expliquesonge.fr\/?page_id=1619"},"modified":"2023-02-27T23:56:15","modified_gmt":"2023-02-27T23:56:15","slug":"julien-lot","status":"publish","type":"page","link":"http:\/\/www.expliquesonge.fr\/?page_id=1619","title":{"rendered":"Julien Lot"},"content":{"rendered":"\n<p><strong><em><strong>Interpr\u00e9tation, guitare, cr\u00e9ation musicale et sonore et construction du d\u00e9cor<\/strong><\/em><\/strong><\/p>\n\n\n<p><style type=\"text\/css\"><!--\n<span id=\"mce_marker\" data-mce-type=\"bookmark\"><\/span><span id=\"__caret\">_<\/span><!--\nP { margin-bottom: 0.21cm; }\n--><\/style><\/p>\n<p><a href=\"http:\/\/www.expliquesonge.fr\/wp-content\/uploads\/2023\/02\/Dossier-Julien-CV-guitare.jpg\"><img loading=\"lazy\" decoding=\"async\" class=\"alignleft wp-image-1737 size-medium\" src=\"http:\/\/www.expliquesonge.fr\/wp-content\/uploads\/2023\/02\/Dossier-Julien-CV-guitare-200x300.jpg\" alt=\"Julien Lot\" width=\"200\" height=\"300\" srcset=\"http:\/\/www.expliquesonge.fr\/wp-content\/uploads\/2023\/02\/Dossier-Julien-CV-guitare-200x300.jpg 200w, http:\/\/www.expliquesonge.fr\/wp-content\/uploads\/2023\/02\/Dossier-Julien-CV-guitare.jpg 591w\" sizes=\"auto, (max-width: 200px) 100vw, 200px\" \/><\/a>Auteur-compositeur-interpr\u00e8te, form\u00e9 en guitare, chant &amp; harmonie (C.I.A.M. de Bordeaux) et form\u00e9 \u00e0 la cr\u00e9ation sonore et musicale pour la sc\u00e8ne et l&rsquo;image (G.M.E.A. &amp; C.I.F.A.P.), il signe les cr\u00e9ations sonores et musicales des spectacles qu&rsquo;il co-cr\u00e9e au sein des compagnies qu&rsquo;il co-fonde depuis 2002 :\u00a0 <em>Etincelles, Prune &amp; L\u00e9on \u00e0 l&rsquo;abordage<\/em>, <strong>cie Le petit \u00e0 petit<\/strong> avec Sabrina Chezeau (2002-2006) \/ <em>L&rsquo;Ogrelet, Fil d&rsquo;attente, L&rsquo;Endive au vestiaire<\/em>, <strong>cie Les volets rouges<\/strong> avec S\u00e9bastien Sampietro (2007-2016), <strong>cie EZIKA<\/strong> dont il est le directeur artistique depuis 2017.<br \/>Avec cette derni\u00e8re, il explore essentiellement l&rsquo;entrelacement de l&rsquo;\u00e9coute et de l&rsquo;intime par :<\/p>\n<ul>\n<li>la composition et l&rsquo;interpr\u00e9tation, avec <em>Cocons <\/em>(concert pour auditeurs casqu\u00e9s et allong\u00e9s), <em>Norouz<\/em> &amp; <em>Calamity Jane, lettres \u00e0 sa fille<\/em> (lectures jou\u00e9es)<\/li>\n<li>l&rsquo;installation sonore, avec <em>Trompe-feuilles<\/em> (illusion sonore en espace naturel), <em>La grosse commission <\/em>(installation sonore et musicale), <em>L&rsquo;hiver enchant\u00e9<\/em> 2021 et 2022 (Le Bouscat, 33)<\/li>\n<li>les projets de territoire et de m\u00e9diation, avec <em>Rick le cube <\/em>(ateliers de cr\u00e9ation de bande-sons pour public scolaire)<em><br \/><\/em><\/li>\n<li>le documentaire sonore<em>, avec B\u00e9n\u00e9love<\/em> (festival Musik \u00e0 pile, 33)<\/li>\n<\/ul>\n<p>Depuis 2008, il met ses m\u00eames comp\u00e9tences au service d&rsquo;autres compagnies : cr\u00e9ations sonores et musicales pour <em>Naitre (<\/em><strong>cie<\/strong> <strong>GIVB<\/strong>)<strong>, <\/strong><em>Mon premier voyage (<\/em><strong>cie L&rsquo;arbre \u00e0 vache<\/strong>)<strong>, <\/strong><em>Je suis Personne <\/em>&amp;<em> Theu (<\/em><strong>cie L&rsquo;Art Hache Sc\u00e8ne<\/strong>)<strong>, <\/strong><em>Rouge chaperon (<\/em><strong>cie Mouka<\/strong>)<strong> \/ <\/strong>documentaire sonore <em>P<\/em><em>ortraits de femmes<\/em> (<strong>cie GIVB<\/strong>) \/ cr\u00e9ation participative de territoire avec <em>Elektre<\/em><strong> (cie<\/strong> <strong>Dakatchiz<\/strong>), \/ r\u00e9gies sons pour <em>Les Fill&rsquo;harmonic Von strausse<\/em><strong> (cie Bougrelas), <\/strong><em>Naitre <\/em>&amp; <em>Ne le dis surtout pas<\/em><strong><em> (<\/em>cie GIVB) \/ <\/strong>direction de ch\u0153ur, avec <em>Sentimentale <\/em><em>Foule<\/em> <strong>(cie De chair et d&rsquo;os).<\/strong><\/p>\n<p>Depuis sa professionnalisation dans le spectacle vivant, il suit, en parall\u00e8le de son parcours sonore et musical, des formations de jeu avec <strong>Agn\u00e8s Coisnay, V\u00e9ronique Bevilacqua ou Pierre Martineau<\/strong>.<\/p>\n<p>Il joue actuellement dans la pi\u00e8ce <em>Au c\u0153ur des cendres, <\/em>librement inspir\u00e9e des \u00e9crits d&rsquo;Etty Hillesum, \u00e9crite et mise en sc\u00e8ne par <strong>Val\u00e9rie Castel Jordy<\/strong>.<\/p>","protected":false},"excerpt":{"rendered":"<p>Interpr\u00e9tation, guitare, cr\u00e9ation musicale et sonore et construction du d\u00e9cor Auteur-compositeur-interpr\u00e8te, form\u00e9 en guitare, chant &amp; harmonie (C.I.A.M. de Bordeaux) et form\u00e9 \u00e0 la cr\u00e9ation sonore et musicale pour la sc\u00e8ne et l&rsquo;image (G.M.E.A. &amp; C.I.F.A.P.), il signe les cr\u00e9ations &hellip; <a href=\"http:\/\/www.expliquesonge.fr\/?page_id=1619\">Continuer la lecture <span class=\"meta-nav\">&rarr;<\/span><\/a><\/p>\n","protected":false},"author":4,"featured_media":0,"parent":0,"menu_order":0,"comment_status":"closed","ping_status":"closed","template":"","meta":{"ngg_post_thumbnail":0,"footnotes":""},"class_list":["post-1619","page","type-page","status-publish","hentry"],"_links":{"self":[{"href":"http:\/\/www.expliquesonge.fr\/index.php?rest_route=\/wp\/v2\/pages\/1619","targetHints":{"allow":["GET"]}}],"collection":[{"href":"http:\/\/www.expliquesonge.fr\/index.php?rest_route=\/wp\/v2\/pages"}],"about":[{"href":"http:\/\/www.expliquesonge.fr\/index.php?rest_route=\/wp\/v2\/types\/page"}],"author":[{"embeddable":true,"href":"http:\/\/www.expliquesonge.fr\/index.php?rest_route=\/wp\/v2\/users\/4"}],"replies":[{"embeddable":true,"href":"http:\/\/www.expliquesonge.fr\/index.php?rest_route=%2Fwp%2Fv2%2Fcomments&post=1619"}],"version-history":[{"count":13,"href":"http:\/\/www.expliquesonge.fr\/index.php?rest_route=\/wp\/v2\/pages\/1619\/revisions"}],"predecessor-version":[{"id":1946,"href":"http:\/\/www.expliquesonge.fr\/index.php?rest_route=\/wp\/v2\/pages\/1619\/revisions\/1946"}],"wp:attachment":[{"href":"http:\/\/www.expliquesonge.fr\/index.php?rest_route=%2Fwp%2Fv2%2Fmedia&parent=1619"}],"curies":[{"name":"wp","href":"https:\/\/api.w.org\/{rel}","templated":true}]}}